f (3 - 0)/(-3)*i/(-21).
193
Let u(z) = -64*z - 24*z + 0*z + 0*z + 106. What are the prime factors of u(-6)?
2, 317
Let h(o) = -3*o**2 - 13*o**3 + 2*o + o - 6*o**3 + 0*o + 15*o**3. What are the prime factors of h(-6)?
2, 3, 41
Let p(n) = 919*n**2 - 1414*n - 9. What are the prime factors of p(-8)?
3, 7, 53
Let w be -79 + 18 - (-3)/1. Let p = w - -86. Suppose 24*m = p*m - 140. List the prime factors of m.
5, 7
Suppose 30471 = 20*y - 80189. What are the prime factors of y?
11, 503
Let o = -338 + 349. Let k(d) = 10*d**2 + 18*d - 30. List the prime factors of k(o).
2, 13, 53
Let h = 3084 - 202. What are the prime factors of h?
2, 11, 131
Let g = 8162 + -3349. What are the prime factors of g?
4813
Suppose -860*p + 888*p - 226884 = 0. List the prime factors of p.
3, 37, 73
Let c(p) = -616*p + 4031. List the prime factors of c(5).
3, 317
Let p = -2416 + 4918. List the prime factors of p.
2, 3, 139
Suppose 109680 = -25*r + 15*r + 20*r. What are the prime factors of r?
2, 3, 457
Suppose 20*y - 22*y - 22*y + 250368 = 0. What are the prime factors of y?
2, 163
Let h = -1956 + 3274. Let b = -910 + h. List the prime factors of b.
2, 3, 17
Let p be (6/(-12))/(4/264). List the prime factors of (-15499)/p + 1/3.
2, 5, 47
Suppose -q - 25 = 5*x, -20 - 5 = -q + 5*x. Suppose -12*b + 8*b + 12 = q. Suppose w - 6*w = -b*u + 371, 0 = 4*u - 2*w - 490. List the prime factors of u.
2, 61
Let n(o) = 82*o**2 - 2591*o + 13. List the prime factors of n(38).
19963
Suppose 9*u = -31*u + 126360. What are the prime factors of u?
3, 13
Let x(k) = k**2 - 2*k - 19. Let y be x(9). What are the prime factors of (y/2)/(24/192)?
2, 11
Suppose -1761*t - 627219 = -879*t - 891*t. List the prime factors of t.
69691
List the prime factors of ((-5472)/14)/(3504/252 + -14).
2, 3, 19
Suppose m = u - 273, 72*m + 261 = 71*m + 5*u. Suppose -k + 5*k = -b + 5, 7 = 2*b + 5*k. List the prime factors of (2 + b - (8 + -4))*m.
2, 3, 23
Let z(b) = 3*b - 1. Let k be z(-1). Let n be (-112)/(-32) + 2/k. Suppose 4*j - 125 = 5*d, -5*j + n*d = -j - 115. List the prime factors of j.
5
Let p be 137/9 + 10/(-45). Suppose -5*j + 19 = 5*d - 101, -4*d - j + 96 = 0. Let t = d - p. What are the prime factors of t?
3
Suppose -27*m = -24*m - 156. Let k = 54 - m. What are the prime factors of k/(-4) + (-812)/(-8)?
101
Let k(j) = 426*j**2 + 111*j + 544. List the prime factors of k(-5).
10639
Suppose -3*j = -17*f + 21*f - 7, -f = -5*j + 4. What are the prime factors of -1 - ((-473)/f + -3)?
5, 19
Suppose 22*d - 168 = -58. Suppose -4*h - d*n = -4623, 2*h + n + 1167 = 3*h. List the prime factors of h.
2, 7, 83
Suppose -61017 = -30*i - 3*i. What are the prime factors of i?
43
Let z(n) = n**3 - 9*n**2 - 3*n + 29. Let b be z(9). Suppose -4*g + 7 + 9 = 0, 2482 = b*l - 3*g. List the prime factors of l.
29, 43
Let n be ((-7)/2)/((-4)/(-30256)) + 5. What are the prime factors of (8/(-3))/(102/n)?
2, 173
List the prime factors of 39651/(-42)*-6 + 3/(-7).
2, 3, 59
Suppose 0 = -350*w + 539*w - 5910408. What are the prime factors of w?
2, 3, 1303
Let r(z) = z**2 - 12*z + 10. Suppose 5*l + 3*l + 112 = 0. Let i be r(l). Suppose 0 = -38*v + 40*v - i. List the prime factors of v.
11, 17
Let u(d) = 12*d**2 - 25*d - 1. Let t be u(5). Let n be 9*(1/6 - t/(-36)). List the prime factors of ((-31)/3 + 1)/((-30)/n).
2, 7
Let g be 23/7 + 5*(-2)/35. Suppose -6*z - 4*m = -g*z - 433, 5*z - 5*m - 675 = 0. Suppose -8*i + 189 + z = 0. What are the prime factors of i?
41
Let w(d) = 299*d - 1407. List the prime factors of w(45).
2, 3, 251
Let p = 7220 - 303. List the prime factors of p.
6917
Let q = 74 - 251. Let s = q - -453. List the prime factors of ((-13)/(-3) + -4)*s.
2, 23
Let d(l) = -12*l**2 + 1179*l + 280. List the prime factors of d(82).
2, 5, 1627
Suppose 0 = 3*t + i - 1041, 5*t = -i + 819 + 914. Let k = 780 - t. List the prime factors of k.
2, 7, 31
Let c(p) = -174*p**2 - 2511*p + 4. List the prime factors of c(-6).
2, 7, 17, 37
Let w(b) = 23*b**2 - 13*b - 14. Let a be w(5). Suppose -v - 3*h + a = 0, 5*v - 3*h - 2444 = -6*h. List the prime factors of v.
487
Let g = 437 + -432. Suppose -182 = -g*z - 27. What are the prime factors of z?
31
Let a(n) = -6*n - 240. Let z be a(-15). List the prime factors of z*((-12)/9 + -3).
2, 5, 13
Let h(v) = -2*v + 12 - 2*v + 81 - 7. What are the prime factors of h(3)?
2, 37
Let z(y) = y**3 + 8*y**2 + 4*y - 2. Let i be z(-7). Suppose -5*m + 6*m = -i. Let b = 50 - m. What are the prime factors of b?
3, 23
Let l(f) = -5*f + 692. Let o be 0/((0 - 5) + 3). Let p be l(o). Let w = -463 + p. What are the prime factors of w?
229
Let k(w) = 1399*w - 813. List the prime factors of k(7).
2, 5, 449
Let t(y) = -y + 4. Let x(p) = p**2 + 4. Let z(h) = -5*t(h) + 6*x(h). Let o = -1 - 3. List the prime factors of z(o).
2, 5
Let n = -444 - -1011. What are the prime factors of n - (-12)/2 - -4?
577
Let k(u) = -7*u + 5. Let m be k(6). Let b = -22 - m. Let h = 14 + b. List the prime factors of h.
29
Suppose -2*x = -4*j + 462, j - 33 = 5*x + 1095. Let n = 406 + x. List the prime factors of n.
181
Let g be 45/75*4*5. Suppose -g*u - 3408 = -20*u. List the prime factors of u.
2, 3, 71
Let t(h) = -3*h**3 - 55*h**2 - 153*h - 65. List the prime factors of t(-20).
3, 5, 37
Let z be (-4)/(-6) + 3*153/(-81). Let v be (178 - -1) + (2 + z - -3). Let f = 379 - v. List the prime factors of f.
2, 5
Suppose 3*b = 4*d - b - 8, 26 = -3*d - 5*b. List the prime factors of -17*(d + 1/((-5)/200)).
2, 3, 7, 17
Let b = 214 - 181. What are the prime factors of 165/b - -1*379?
2, 3
Suppose 347*n - 348*n - 10 = 0. What are the prime factors of 1646/4 + (0 - 5)/n?
2, 103
Let n(x) = -x**3 + 23*x**2 - 42*x + 7. Let p be n(21). Suppose -3*z - 5*k + p = 0, -2*z + 4*z = -2*k + 6. What are the prime factors of z/26 + 8/156*3351?
2, 43
Let z = -33936 - -50931. List the prime factors of z.
3, 5, 11, 103
Let n(d) = 127*d + 4. Let a(u) = 43*u + 1. Let m(c) = -7*a(c) + 2*n(c). Suppose 2*i + 2 = -2*h, 2*h + 4*i + 0*i = 0. What are the prime factors of m(h)?
5, 19
Suppose -6*w = -10*w + 604. Suppose 5*k + w = -4*s, 2*s - k + 0*k = -79. Let l = 65 + s. List the prime factors of l.
2, 13
Suppose 3*v - g - 188 = 94, 3*v = -4*g + 297. Let m be -25*v/25*-6. Suppose 12*p - 14*p + m = 0. List the prime factors of p.
3, 5, 19
Let q(i) = -1308*i - 88. What are the prime factors of q(-6)?
2, 5, 97
Let x(l) = -4*l**3 + 3*l**2 + 13*l + 20. Let s be x(-2). Suppose s*f + 56 = 588. What are the prime factors of f?
2, 7
Let r(p) = -916*p + 2264. What are the prime factors of r(0)?
2, 283
Suppose -330120 = 249*c - 309*c. What are the prime factors of c?
2, 3, 7, 131
List the prime factors of 455/273*3*599.
5, 599
Suppose -4*m = 2*m + 294. Let b = -45 - m. Suppose 2*o - y = 2*y + 185, -b*o = 3*y - 361. What are the prime factors of o?
7, 13
Let k = 122 + -197. Let u = k + 75. Suppose i + 24 = f - u*i, -3*i = 5*f - 128. List the prime factors of f.
5
Let c = -1219 - -6121. List the prime factors of c.
2, 3, 19, 43
Let q(h) = h**3 - h**2 - h - 2. Let w(c) = 5*c**3 + 3*c**2 - 18*c - 17. Let b(p) = 3*q(p) - w(p). Let l be ((-30)/35)/(1/7). What are the prime factors of b(l)?
137
Let g be 12*(4 + (-45)/12). Let t be 0 + g - -12 - -1. What are the prime factors of (-564)/(-16)*t/6?
2, 47
Let z be (140/(-84))/(2/(-12)). Let w(c) = -c**3 + 22*c**2 - 15*c - 7. What are the prime factors of w(z)?
7, 149
Suppose -4047280 + 140604 = -322*f - 97416. List the prime factors of f.
2, 5, 7, 13
Suppose 2*b + 99*s - 96*s - 19874 = 0, -4*b = 5*s - 39750. What are the prime factors of b?
2, 5, 7, 71
List the prime factors of (-2)/((-4)/(-11197))*32/(-4).
2, 11197
What are the prime factors of -6*(45/20 - 2)*4554/(-27)?
11, 23
Let f(n) = -n**3 + 34*n**2 - 32*n - 44. Let r be f(33). Let u(d) = -121*d - 114. What are the prime factors of u(r)?
1217
Suppose -40*f + 839923 + 170157 = 0. What are the prime factors of f?
2, 59, 107
Let q = 62899 + -32949. What are the prime factors of q?
2, 5, 599
What are the prime factors of (-2 + 14578/(-3))/(11 + 665/(-57))?
2, 1823
Let p = -1317 - -2919. Let t = 2282 - p. What are the prime factors of t?
2, 5, 17
Suppose -c = f + f - 5, 3*c - 15 = -2*f. Suppose c*o + 5*r = 230, 2*r = 4*o - 0*r - 178. List the prime factors of o.
3, 5
List the prime factors of 9 + (-8407)/(-2)*(